ors of g?
2, 11, 13
Let h = 929 + -617. What are the prime factors of h?
2, 3, 13
Suppose -3*y - 3*i = -6333, 5*y + 59*i - 53*i = 10553. List the prime factors of y.
2113
Suppose -20 = -4*a, 3*t + 0*a + a = 185. List the prime factors of t.
2, 3, 5
Let p(x) = -34*x + 188. What are the prime factors of p(-30)?
2, 151
Let g = 28 - -8. Suppose -s = -11 - 7. What are the prime factors of (-6)/g - (-111)/s?
2, 3
Let g(k) be the second derivative of k**5/20 - k**4/12 - 5*k**3/6 - k**2/2 - 14*k. What are the prime factors of g(3)?
2
Let t(p) = -p + 25. Let w = 29 + -23. List the prime factors of t(w).
19
Suppose 0 = 2*b + 2*b - 64. Suppose -5*f - 23 = -y - 1, 0 = 3*y - 5*f - b. What are the prime factors of (-101 - 4)*y/9?
5, 7
Suppose -8*o = -6*o - 272. Let w = 226 - o. List the prime factors of w.
2, 3, 5
Let y be 2/8 - (-28)/16. Suppose 3*i - y*i = 38. Suppose i = j - 2*z, z - 5*z = 16. What are the prime factors of j?
2, 3, 5
Let b be (14 - -1)/(-1 - -2). Let g be (-1 - b/(-3)) + -1. Suppose -27 + 168 = g*s. What are the prime factors of s?
47
Let h(x) = -47*x**3 + x**2 - 2. Let o be (-10)/14 - ((-20)/14)/(-5). What are the prime factors of h(o)?
2, 23
Let h = 107 + -110. List the prime factors of h - (-1656)/(-9)*(-2)/4.
89
Let s(r) = r**3 + 5*r**2 - 3. Let a be s(-5). Suppose -64*g + 15 = -113. What are the prime factors of 2 + a + 39 + g?
2, 5
Let y = 948 + -542. What are the prime factors of y?
2, 7, 29
Suppose -10 - 22 = 4*x. Let y = 68 + x. List the prime factors of y.
2, 3, 5
Let p(y) = y + 1. Let c(u) be the third derivative of -3*u**4/8 - 3*u**2. Let j(x) = c(x) + 2*p(x). What are the prime factors of j(-3)?
23
Let i(h) = -4*h**3 - 8*h**2 + 3*h + 7. Let o(k) = -3*k**3 - 7*k**2 + 2*k + 7. Let g(x) = -4*i(x) + 5*o(x). What are the prime factors of g(6)?
103
Suppose 17 = 3*r - 7. Let d = 31 - 21. Suppose 0 = -2*x + d + r. List the prime factors of x.
3
Let k be 1 - (1 + -1 + -386). Suppose 4*n = -73 - k. Let s = -69 - n. List the prime factors of s.
2, 23
Let t(p) = p**2 + 7*p + 16. Let a be t(-3). Suppose 5*f = 4*g + 219, 78 = -0*f + 2*f - 4*g. Suppose f = -a*h + 139. List the prime factors of h.
23
Let o be ((-21)/(-6))/((-4)/(-248)). Let i = o - 134. List the prime factors of i.
83
Suppose 252 = 6*u - 1032. Let q = u - 60. What are the prime factors of q?
2, 7, 11
Let i = -3 + -128. Let h = 186 + i. List the prime factors of h.
5, 11
Suppose -655*a + 656*a - 2622 = 0. List the prime factors of a.
2, 3, 19, 23
Let g = 12 - 12. Suppose -3*y = -2*x - g*x - 184, -2*y + 136 = -4*x. List the prime factors of y.
2, 29
Let n(b) = 2*b + 2. Let c be n(-4). Let s be 14/(-21)*c/1. Suppose 2*a = -s*q + 52, 0*a - 65 = -5*q + 4*a. List the prime factors of q.
13
Let r(p) = -2*p - 46. Let i be r(-24). Let m = 121 + -82. Suppose -i = n + 3, -n = -q + m. List the prime factors of q.
2, 17
Let b(w) = -w**3 - 20*w**2 + 4*w - 24. List the prime factors of b(-23).
1471
Suppose 2*l - 3390 = -8*l. List the prime factors of l.
3, 113
Suppose -261 = z - 4*z. Let i = z - -77. What are the prime factors of i?
2, 41
Suppose 0 = -1556*p + 1540*p + 24304. What are the prime factors of p?
7, 31
List the prime factors of (6 + -24)*8*(-276)/16.
2, 3, 23
Let q be -3 + -16*1/(-2). Suppose x - 39 - 30 = l, -q*x + l = -333. List the prime factors of x.
2, 3, 11
Suppose 0 = -r + 3*p - 58, 3*r - 302 = 8*r - 3*p. Let n = -57 - r. List the prime factors of n.
2
Let w = 21 + -3. What are the prime factors of ((-54)/w)/(3/(-73))?
73
Suppose 0 = 14*r - 10*r. Suppose r = 4*c - 3*s - 777, -2*c + 5*s - s + 376 = 0. Suppose 3*g + 3*g = c. What are the prime factors of g?
3, 11
Let n(t) be the first derivative of t**4/4 + t**3/3 - t**2 + 32*t + 11. What are the prime factors of n(0)?
2
Suppose 30 = 2*z + 2. Let t = 13 - z. What are the prime factors of -2 + (18 - (0 - t))?
3, 5
Let z = -2738 - -2749. What are the prime factors of z?
11
Suppose -17*o + 55 = -12*o. Suppose 0 = -d + 3*n - 3 + o, -3*n = 3. List the prime factors of d.
5
Let q = 12 - -8. List the prime factors of (-5)/((-75)/474) + 8/q.
2
Let a = 25 + 23. Let m(r) = 17*r. Let g be m(-1). Let i = g + a. List the prime factors of i.
31
Suppose 3*o + 4*h = -h - 3, -5*o + 4*h = -32. Suppose 6*n - 3*n = 5*y - 216, o*y + 5*n = 158. What are the prime factors of y?
2, 3, 7
Suppose -g + 3648 = -k, 5*g + 3*k - 15300 - 2900 = 0. List the prime factors of g.
3643
Let j(f) = -2*f**3 - 26*f**2 - 3*f + 7. List the prime factors of j(-13).
2, 23
Suppose -5*a - 4*g + 7663 = 0, 5752 + 1917 = 5*a + 2*g. List the prime factors of a.
5, 307
Suppose 129*s - 124*s - 2105 = 0. List the prime factors of s.
421
Let l(v) = -v - 3. Let d be l(-5). Suppose d*t = -t + 9. Suppose 0 = -t*m - h + 2*h + 25, 2*m - 2*h = 10. What are the prime factors of m?
2, 5
Suppose 3*m - 4*x - 2724 = 0, 0*m + 2*x = -m + 918. What are the prime factors of m?
2, 3, 19
Suppose 10*r - 110 = -30. Suppose r*c = 5*c + 60. What are the prime factors of c?
2, 5
Let t be (42/8)/(6/72). Let g = 92 - t. Let p = g + -16. What are the prime factors of p?
13
Let d = -27 - -30. List the prime factors of (-301)/(-4) + (d/(-12) - 0).
3, 5
Suppose -93 = -5*y - r, -4*y + r + 78 = -0*r. Suppose -5*m - 10 = 40. What are the prime factors of m/(-35) + y/7?
3
Suppose 2*o + 2*o - 4*t = 24, -3*t + 12 = 3*o. Suppose 157 = -3*b - o*s, -5*s + 4*s + 240 = -4*b. Let i = 94 + b. What are the prime factors of i?
5, 7
Let s(c) = c**2 + 8*c - 8. Let t be s(-9). Let p = 38 - t. List the prime factors of p.
37
Let d be 6*1 - 1/1. Let j be 6/2 - 4 - -19. Suppose -6*c + j = t - d*c, -2*t + 20 = -2*c. List the prime factors of t.
2, 7
Suppose 5*k - 10 = 0, w + k - 8 = -w. Suppose 0 = -w*i - 0*i + 462. What are the prime factors of i?
2, 7, 11
Let w be 2/4 + (-4)/8. Let b be 45/6*(w - -2). Suppose 4*t - 105 - b = 0. List the prime factors of t.
2, 3, 5
Let r = -10 + 15. Suppose l + 35 = r*a, l + 20 = -3*l. Suppose -6 - a = -3*x. List the prime factors of x.
2
Let x be 345 + 2 + -2 + 2. Suppose 5*r = -4*u + 1220, -233 = -2*u + 5*r + x. List the prime factors of u.
2, 3, 5
Let t(n) = -n**2 - 1. Let x(m) = m**3 + 5*m**2 + 5*m + 1. Let z(j) = 6*t(j) + x(j). What are the prime factors of z(2)?
3
Suppose -3*i = -i + 2*t - 14, -4*t + 13 = -i. Suppose i*s = 7*s. Suppose -r - 3*u + 24 = s, 6*u = 4*r + 2*u - 96. What are the prime factors of r?
2, 3
Let u(f) = -f**3 + 23*f**2 - 10*f - 50. List the prime factors of u(22).
2, 107
Let i be 14/((8/(-3))/(-4)). Suppose -4*r = 2*v + 26, -r + 4 - i = 4*v. What are the prime factors of (-84)/((-12)/4) - v?
31
Suppose -c - 5*d + 7 = 0, 0 = -0*c - 2*c - 5*d + 9. Suppose -c*f + r = -4*r - 23, -2*f + 3*r = -21. What are the prime factors of f?
3
Suppose -4*y = -0*y - 4*q - 24, -5*y + 24 = q. Suppose -565 = -y*k + 235. Suppose 0*u - 64 = -2*u + m, 0 = 5*u - 3*m - k. List the prime factors of u.
2
Let c(d) = -3*d + 10. Let w be c(4). Let l(j) = -6*j**3 - 2*j**2 - j + 3. What are the prime factors of l(w)?
3, 5
Let i(h) = -h**3 - 7. Let c be i(0). Let o = -49 - -68. Let r = o - c. What are the prime factors of r?
2, 13
List the prime factors of 1324/((-1066)/91 + 12).
2, 7, 331
Let p(n) = n**3 + 26*n**2 + 19*n + 61. List the prime factors of p(-23).
7, 173
Let a = 437 - 411. Let u(r) = 2*r**2 + 3*r - 4. Let c be u(-4). Let b = a - c. List the prime factors of b.
2, 5
Suppose -2*v = -0*v - 5*q - 705, v + q = 370. Suppose -v = -2*u - j + 2*j, -j - 185 = -u. List the prime factors of u.
2, 3, 5
Let q = 36 + -32. Suppose -2*v + 5*r = -117, -q*r + 141 = 3*v - 0*v. List the prime factors of v.
3, 17
Let r be (-19 - -7)*(-12)/9. Suppose -2*k - 4*l + r = 0, 3*k - 4*l = -k + 8. Suppose -k*b + 33 = -111. List the prime factors of b.
2, 3
Suppose 0 = 3*q - 348 + 3. List the prime factors of q.
5, 23
Let x = 54 - 35. Suppose -x = -2*g + 23. What are the prime factors of g?
3, 7
Let b = -1119 - -2278. List the prime factors of b.
19, 61
Let i = 222 + -72. Suppose -2*r = -4*r + i. What are the prime factors of r?
3, 5
Let s = -34 - -27. Let h(f) = f**2 + 4*f - 13. List the prime factors of h(s).
2
Let a(o) = -101*o**3 + o**2 + o. Let v be (-1 - (4 - 2) - -3) + -1. List the prime factors of a(v).
101
Suppose 0 = 3*t, -t = -4*b - 3*t + 88. Suppose 4*w = -2*p + 50, 0 = 2*w + 3*p - b - 9. Let v = -